
True
Is 33144401 composite?
True
Is 34727933 a prime number?
True
Is 370269751 composite?
False
Is 190471 a prime number?
True
Is 1065994291 a composite number?
True
Is 5079109 prime?
False
Is 74955607 composite?
False
Is 26840717 composite?
False
Is 211181 a prime number?
False
Is 339271 composite?
True
Is 322833781 a prime number?
False
Is 79891111 a composite number?
False
Is 17536277 a composite number?
True
Is 801457 a prime number?
False
Is 7191953 a prime number?
True
Is 72632291 a composite number?
True
Is 4293337 prime?
False
Is 36121619 a composite number?
True
Is 23477353 composite?
False
Is 289763 prime?
True
Is 721261 a composite number?
False
Is 122011 a prime number?
True
Is 1590991 prime?
True
Is 71313971 a prime number?
True
Is 54345833 prime?
False
Is 2421347 a prime number?
True
Is 66571487 a composite number?
False
Is 14278699 composite?
True
Is 19687187 a composite number?
True
Is 18351031 a composite number?
False
Is 28799774 prime?
False
Is 3972301 composite?
False
Is 64221279 a composite number?
True
Is 22123499 a prime number?
True
Is 69335813 composite?
True
Is 980185753 prime?
True
Is 1271863 prime?
False
Is 37171 a composite number?
False
Is 2759359 a prime number?
False
Is 18297043 a composite number?
False
Is 30787313 a composite number?
True
Is 24446243 composite?
False
Is 32650811 composite?
True
Is 14832263 prime?
False
Is 192015127 prime?
True
Is 470669653 a prime number?
False
Is 6717989 a prime number?
False
Is 1096397 a prime number?
False
Is 10505998 composite?
True
Is 13216301 a composite number?
True
Is 481372567 a prime number?
False
Is 16974635 a prime number?
False
Is 20150443 a prime number?
True
Is 234413 a prime number?
False
Is 6668173 a prime number?
False
Is 9083209 composite?
True
Is 7687607 a composite number?
False
Is 1230161 composite?
True
Is 230505971 composite?
False
Is 31389637 composite?
False
Is 9086897 a composite number?
False
Is 64854781 composite?
True
Is 23462933 prime?
False
Is 14425613 composite?
False
Is 45092863 a composite number?
True
Is 8173733 composite?
True
Is 23227 composite?
False
Is 3264419 a composite number?
False
Is 7669507 prime?
False
Is 31341901 prime?
False
Is 668183 composite?
True
Is 20544547 a prime number?
True
Is 827733 composite?
True
Is 2161091 a prime number?
False
Is 2266699 a composite number?
True
Is 167037729 a composite number?
True
Is 48770899 a composite number?
True
Is 1065763 composite?
False
Is 13201709 prime?
True
Is 973781 prime?
True
Is 42554339 prime?
False
Is 8559371 prime?
True
Is 55409287 composite?
True
Is 10421245 prime?
False
Is 3176189 a prime number?
False
Is 428681 prime?
False
Is 49429091 a composite number?
True
Is 139959581 a prime number?
True
Is 67381 prime?
False
Is 2555281 prime?
True
Is 1189829 a prime number?
False
Is 882569 a composite number?
True
Is 26704229 a prime number?
False
Is 232391 a composite number?
False
Is 7313611 a composite number?
False
Is 107554621 a composite number?
False
Is 3120149 a composite number?
True
Is 47447659 a prime number?
False
Is 12775349 composite?
False
Is 279561683 a prime number?
True
Is 551070419 prime?
False
Is 51577459 composite?
True
Is 2022149 a prime number?
True
Is 3202201 a prime number?
True
Is 3277598 a composite number?
True
Is 13226497 prime?
True
Is 6689737 a prime number?
False
Is 191438647 composite?
False
Is 983051 a composite number?
True
Is 6578821 prime?
True
Is 357335503 a composite number?
True
Is 9774283 prime?
False
Is 565699 prime?
False
Is 7424849 a prime number?
True
Is 221568119 prime?
True
Is 5828258 a prime number?
False
Is 1948996441 prime?
False
Is 418168687 a prime number?
True
Is 804189 prime?
False
Is 3882733 composite?
False
Is 4675667 prime?
True
Is 211200065 a prime number?
False
Is 1950859 prime?
False
Is 1610867 a composite number?
False
Is 557419855 a composite number?
True
Is 12403331 a prime number?
False
Is 7672487 composite?
False
Is 740113337 a composite number?
False
Is 1283083 a composite number?
False
Is 292046831 a prime number?
False
Is 201041 a prime number?
False
Is 12788809 composite?
True
Is 8744353 a composite number?
True
Is 1061647 a composite number?
False
Is 11342831 a prime number?
False
Is 2412209 composite?
False
Is 28551377 prime?
True
Is 8650931 prime?
False
Is 318779 a prime number?
False
Is 5163437 a composite number?
False
Is 119430853 composite?
True
Is 36023693 prime?
True
Is 60338986 prime?
False
Is 22062587 prime?
True
Is 5046677 prime?
False
Is 78345259 a composite number?
True
Is 167442539 a composite number?
True
Is 138502801 a composite number?
True
Is 917083 composite?
False
Is 385003259 a composite number?
False
Is 912503 a composite number?
True
Is 56361451 a prime number?
True
Is 5574542 a composite number?
True
Is 21323271 a composite number?
True
Is 16658597 a composite number?
False
Is 2026237103 composite?
True
Is 190148419 a composite number?
True
Is 392957 a composite number?
False
Is 20499329 a composite number?
False
Is 9056747 prime?
False
Is 1054793 prime?
False
Is 573966467 prime?
False
Is 1159966 prime?
False
Is 660034651 a composite number?
True
Is 10055047 a composite number?
True
Is 910957 a prime number?
True
Is 2244794 a prime number?
False
Is 20132201 a prime number?
True
Is 10242341 prime?
False
Is 41019983 prime?
True
Is 159408663 prime?
False
Is 44437001 prime?
False
Is 85476661 a prime number?
True
Is 31243417 composite?
False
Is 80358791 composite?
False
Is 22404061 prime?
True
Is 251451751 a prime number?
True
Is 25003931 composite?
True
Is 373389739 a composite number?
False
Is 2262991 prime?
False
Is 2719 prime?
True
Is 348091 a composite number?
True
Is 35653213 a prime number?
False
Is 2402619 prime?
False
Is 3665203 composite?
False
Is 48510221 a prime number?
False
Is 3086573 prime?
False
Is 2596213 a prime number?
True
Is 5477281 prime?
False
Is 71111291 a composite number?
False
Is 358531 prime?
True
Is 98409919 a prime number?
False
Is 78233477 composite?
True
Is 2695037 a prime number?
True
Is 27999943 prime?
True
Is 18551089 composite?
True
Is 80957011 a prime number?
True
Is 7125823 prime?
False
Is 4511343 a composite number?
True
Is 13805597 prime?
False
Is 112712947 composite?
False
Is 17321261 prime?
True
Is 3900571 a prime number?
False
Is 47770823 prime?
True
Is 8691971 composite?
False
Is 3193831 a prime number?
True
Is 3348601 composite?
True
Is 178770103 a prime number?
False
Is 386643011 composite?
False
Is 1046093 composite?
True
Is 415591 composite?
True
Is 7594121 a prime number?
False
Is 15779906 prime?
False
Is 12561319 composite?
True
Is 301123 a composite number?
False
Is 220930361 composite?
False
Is 146059009 a composite number?
False
Is 261370151 a prime number?
False
Is 21218741 prime?
True
Is 5592043 prime?
True
Is 4076354 composite?
True
Is 11021909 a prime number?
True
Is 7703851 a prime number?
True
Is 224407823 a prime number?
False
Is 22260707 a composite number?
True
Is 1669609 a composite number?
True
Is 345157 composite?
True
Is 775793 a prime number?
False
Is 30587231 a prime number?
True
Is 239304497 a composite number?
False
Is 2224813 prime?
False
Is 215524949 prime?
True
Is 488777 prime?
False
Is 40908277 composite?
True
Is 34626343 prime?
True
Is 16352629 prime?
True
Is 2113511 composite?
False
Is 4102859 a composite number?
True
Is 3127121 a composite number?
True
Is 144126859 composite?
True
Is 141433 prime?
False
Is 512597229 composite?
True
Is 25038449 prime?
True
Is 39149849 prime?
True
Is 1318829 prime?
True
Is 260468989 a prime number?
False
Is 101929439 prime?
True
Is 24029327 prime?
False
Is 256334743 a prime number?
False
Is 624643 a composite number?
False
Is 72809531 a composite number?
True
Is 312217051 composite?
True
Is 865531 prime?
False
Is 15877849 composite?
True
Is 81513581 a prime number?
True
Is 3826367 composite?
False
Is 154635907 composite?
True
Is 22260289 prime?
False
Is 703631 a composite number?
False
Is 18588149 composite?
False
Is 76252217 a prime number?
True
Is 227381201 a prime number?
False
Is 19703983 a composite number?
True
Is 12642527 composite?
True
Is 16185661 composite?
False
Is 2881873 a composite number?
False
Is 14894657 prime?
False
Is 16829506 prime?
False
Is 69059167 a composite numb